{"id":1015,"date":"2014-04-26T08:10:55","date_gmt":"2014-04-26T06:10:55","guid":{"rendered":"http:\/\/keltir.se\/v2\/?page_id=1015"},"modified":"2020-11-04T11:23:32","modified_gmt":"2020-11-04T10:23:32","slug":"nyheter","status":"publish","type":"page","link":"https:\/\/keltir.se\/v2\/nyheter\/","title":{"rendered":"Nyheter"},"content":{"rendered":"<p><strong>2020-11-04<\/strong> Nu i Rotterdam f\u00f6r omlastning till ett mindre fartyg som kan g\u00e5 in i G\u00f6teborg<\/p>\n<p><strong>2020-10-08<\/strong> Golfvagnar p\u00e5 v\u00e4g<a href=\"https:\/\/keltir.se\/v2\/wp-content\/uploads\/2020\/10\/COSCO_SHIPPING_SCORPIO.jpg\"><img loading=\"lazy\" decoding=\"async\" class=\"alignnone size-full wp-image-4618\" src=\"https:\/\/keltir.se\/v2\/wp-content\/uploads\/2020\/10\/COSCO_SHIPPING_SCORPIO.jpg\" alt=\"\" width=\"800\" height=\"539\" data-id=\"4618\" srcset=\"https:\/\/keltir.se\/v2\/wp-content\/uploads\/2020\/10\/COSCO_SHIPPING_SCORPIO.jpg 800w, https:\/\/keltir.se\/v2\/wp-content\/uploads\/2020\/10\/COSCO_SHIPPING_SCORPIO-300x202.jpg 300w, https:\/\/keltir.se\/v2\/wp-content\/uploads\/2020\/10\/COSCO_SHIPPING_SCORPIO-768x517.jpg 768w, https:\/\/keltir.se\/v2\/wp-content\/uploads\/2020\/10\/COSCO_SHIPPING_SCORPIO-416x280.jpg 416w\" sizes=\"auto, (max-width: 800px) 100vw, 800px\" \/><\/a><\/p>\n<p><strong>2014-06-11<\/strong>\u00a0Nu\u00a0finns det \u00e4ven\u00a0Digital zoom funktion p\u00e5 v\u00e5ra kameror.<\/p>\n<p><strong>2014 Mars CeBIT IT-M\u00e4ssa i Hannover<\/strong><\/p>\n<p>Tr\u00e4ffade v\u00e5r kontakt fr\u00e5n KingFast<br \/>\n<a href=\"http:\/\/keltir.se\/v2\/wp-content\/uploads\/2014\/04\/Cebit-mars-2014.jpg\"><img loading=\"lazy\" decoding=\"async\" class=\"alignnone size-full wp-image-1025\" src=\"http:\/\/keltir.se\/v2\/wp-content\/uploads\/2014\/04\/Cebit-mars-2014.jpg\" alt=\"Cebit mars 2014\" width=\"702\" height=\"525\" \/><\/a><\/p>\n","protected":false},"excerpt":{"rendered":"<p>2020-11-04 Nu i Rotterdam f\u00f6r omlastning till ett mindre fartyg som kan g\u00e5 in i G\u00f6teborg 2020-10-08 Golfvagnar p\u00e5 v\u00e4g 2014-06-11\u00a0Nu\u00a0finns det \u00e4ven\u00a0Digital zoom funktion p\u00e5 v\u00e5ra kameror. 2014 Mars CeBIT IT-M\u00e4ssa i Hannover Tr\u00e4ffade v\u00e5r kontakt fr\u00e5n KingFast<\/p>\n","protected":false},"author":1,"featured_media":0,"parent":0,"menu_order":0,"comment_status":"closed","ping_status":"closed","template":"","meta":{"footnotes":""},"class_list":["post-1015","page","type-page","status-publish","hentry"],"_links":{"self":[{"href":"https:\/\/keltir.se\/v2\/wp-json\/wp\/v2\/pages\/1015","targetHints":{"allow":["GET"]}}],"collection":[{"href":"https:\/\/keltir.se\/v2\/wp-json\/wp\/v2\/pages"}],"about":[{"href":"https:\/\/keltir.se\/v2\/wp-json\/wp\/v2\/types\/page"}],"author":[{"embeddable":true,"href":"https:\/\/keltir.se\/v2\/wp-json\/wp\/v2\/users\/1"}],"replies":[{"embeddable":true,"href":"https:\/\/keltir.se\/v2\/wp-json\/wp\/v2\/comments?post=1015"}],"version-history":[{"count":18,"href":"https:\/\/keltir.se\/v2\/wp-json\/wp\/v2\/pages\/1015\/revisions"}],"predecessor-version":[{"id":4673,"href":"https:\/\/keltir.se\/v2\/wp-json\/wp\/v2\/pages\/1015\/revisions\/4673"}],"wp:attachment":[{"href":"https:\/\/keltir.se\/v2\/wp-json\/wp\/v2\/media?parent=1015"}],"curies":[{"name":"wp","href":"https:\/\/api.w.org\/{rel}","templated":true}]}}